2
What is the hundred millions digit of 357330188?
3
What is the hundred millions digit of 656092530?
6
What is the millions digit of 360464441?
0
What is the millions digit of 516196259?
6
What is the units digit of 853988489?
9
What is the ten millions digit of 57115419?
5
What is the millions digit of 5221228208?
1
What is the hundred thousands digit of 563824996?
8
What is the hundred millions digit of 1874466432?
8
What is the millions digit of 4439346?
4
What is the units digit of 8428031838?
8
What is the thousands digit of 254667776?
7
What is the ten thousands digit of 3506207470?
0
What is the thousands digit of 890786838?
6
What is the hundreds digit of 1256177735?
7
What is the thousands digit of 93516167?
6
What is the units digit of 433345769?
9
What is the hundreds digit of 4923166?
1
What is the units digit of 31217362?
2
What is the ten millions digit of 313106223?
1
What is the ten thousands digit of 128516153?
1
What is the ten thousands digit of 170838369?
3
What is the ten millions digit of 126741418?
2
What is the ten thousands digit of 44964593?
6
What is the hundred thousands digit of 135805236?
8
What is the hundreds digit of 94402740?
7
What is the units digit of 90208336?
6
What is the ten thousands digit of 181874872?
7
What is the hundreds digit of 281389449?
4
What is the tens digit of 4922314213?
1
What is the hundred millions digit of 507264479?
5
What is the tens digit of 4091434?
3
What is the ten thousands digit of 410048304?
4
What is the tens digit of 76128414?
1
What is the hundred millions digit of 142011411?
1
What is the thousands digit of 398268969?
8
What is the ten millions digit of 1439594639?
3
What is the ten millions digit of 756163622?
5
What is the tens digit of 33462244?
4
What is the millions digit of 208026608?
8
What is the ten millions digit of 556346142?
5
What is the ten thousands digit of 1289515799?
1
What is the hundreds digit of 1865740821?
8
What is the hundred thousands digit of 113392861?
3
What is the hundred thousands digit of 239852104?
8
What is the ten millions digit of 2361813958?
6
What is the ten millions digit of 799722814?
9
What is the units digit of 116433217?
7
What is the ten millions digit of 1121100173?
2
What is the hundred thousands digit of 149382658?
3
What is the hundred thousands digit of 99550067?
5
What is the thousands digit of 101055775?
5
What is the ten thousands digit of 184016439?
1
What is the hundreds digit of 155285237?
2
What is the ten thousands digit of 237965408?
6
What is the tens digit of 2498583170?
7
What is the thousands digit of 1008191306?
1
What is the ten thousands digit of 630455077?
5
What is the hundred millions digit of 1113174149?
1
What is the hundred millions digit of 3193568884?
1
What is the tens digit of 208056844?
4
What is the hundred thousands digit of 393767500?
7
What is the hundreds digit of 52181365?
3
What is the tens digit of 1908332251?
5
What is the millions digit of 48518611?
8
What is the tens digit of 41818835?
3
What is the thousands digit of 346421005?
1
What is the hundred millions digit of 113219681?
1
What is the ten thousands digit of 194150228?
5
What is the units digit of 251151823?
3
What is the tens digit of 1190189116?
1
What is the hundred millions digit of 113900151?
1
What is the tens digit of 3383383711?
1
What is the millions digit of 220458844?
0
What is the ten millions digit of 1843028019?
4
What is the thousands digit of 42353587?
3
What is the millions digit of 898936120?
8
What is the thousands digit of 70270803?
0
What is the thousands digit of 5409041?
9
What is the hundreds digit of 1165960417?
4
What is the millions digit of 15870740?
5
What is the ten millions digit of 363006494?
6
What is the tens digit of 433535170?
7
What is the millions digit of 43871476?
3
What is the ten thousands digit of 214263750?
6
What is the thousands digit of 32517756?
7
What is the millions digit of 61867336?
1
What is the millions digit of 679236153?
9
What is the ten thousands digit of 41652716?
5
What is the tens digit of 382813012?
1
What is the ten millions digit of 31267548?
3
What is the ten millions digit of 132199737?
3
What is the tens digit of 3504196845?
4
What is the billions digit of 1291447006?
1
What is the millions digit of 110823408?
0
What is the millions digit of 295821299?
5
What is the ten millions digit of 98626944?
9
What is the units digit of 985114193?
3
What is the tens digit of 376453279?
7
What is the ten thousands digit of 134125231?
2
What is the hundred millions digit of 404126935?
4
What is the ten millions digit of 3094271652?
9
What is the millions digit of 205325993?
5
What is the ten thousands digit of 96859735?
5
What is the millions digit of 1770282149?
0
What is the hundreds digit of 1347495941?
9
What is the hundreds digit of 99506065?
0
What is the hundred millions digit of 114343102?
1
What is the hundreds digit of 59783939?
9
What is the billions digit of 1849178273?
1
What is the thousands digit of 114249327?
9
What is the hundred millions digit of 818717926?
8
What is the hundred millions digit of 272172363?
2
What is the tens digit of 300194328?
2
What is the units digit of 652902953?
3
What is the billions digit of 1370736183?
1
What is the hundred millions digit of 3175481149?
1
What is the hundreds digit of 316785677?
6
What is the millions digit of 33968982?
3
What is the tens digit of 61210125?
2
What is the tens digit of 237580725?
2
What is the millions digit of 988084224?
8
What is the hundreds digit of 76467343?
3
What is the ten millions digit of 70079765?
7
What is the ten thousands digit of 5149262510?
6
What is the hundred millions digit of 378357615?
3
What is the hundred thousands digit of 1016966974?
9
What is the thousands digit of 833606602?
6
What is the millions digit of 107364866?
7
What is the ten thousands digit of 1900541573?
4
What is the thousands digit of 22429474?
9
What is the hundreds digit of 97597218?
2
What is the hundreds digit of 206504928?
9
What is the millions digit of 1457218745?
7
What is the ten millions digit of 659841818?
5
What is the ten thousands digit of 43094800?
9
What is the tens digit of 34515029?
2
What is the ten millions digit of 104733245?
0
What is the thousands digit of 1093951103?
1
What is the hundreds digit of 1521127500?
5
What is the hundreds digit of 841257584?
5
What is the ten millions digit of 1192836626?
9
What is the millions digit of 6864491332?
4
What is the hundreds digit of 396009338?
3
What is the tens digit of 724961676?
7
What is the millions digit of 15314637?
5
What is the ten thousands digit of 8864713?
6
What is the hundred millions digit of 135674636?
1
What is the hundreds digit of 210724322?
3
What is the tens digit of 58953517?
1
What is the units digit of 2321912419?
9
What is the hundred thousands digit of 1369123193?
1
What is the hundred thousands digit of 641570670?
5
What is the hundred thousands digit of 55160843?
1
What is the units digit of 2247347377?
7
What is the hundred thousands digit of 509080377?
0
What is the hundred thousands digit of 253672488?
6
What is the hundred thousands digit of 3121572798?
5
What is the hundred thousands digit of 134094018?
0
What is the tens digit of 384845017?
1
What is the thousands digit of 4957196?
7
What is the hundreds digit of 56521145?
1
What is the millions digit of 398911444?
8
What is the thousands digit of 45293135?
3
What is the ten millions digit of 42687202?
4
What is the thousands digit of 16138922?
8
What is the ten thousands digit of 381436069?
3
What is the ten millions digit of 301280436?
0
What is the ten millions digit of 51200596?
5
What is the hundred thousands digit of 671779313?
7
What is the hundreds digit of 7430552?
5
What is the hundreds digit of 576560120?
1
What is the ten millions digit of 49964155?
4
What is the millions digit of 123020788?
3
What is the thousands digit of 58287772?
7
What is the units digit of 81746923?
3
What is the units digit of 343959956?
6
What is the ten millions digit of 38206212?
3
What is the hundred millions digit of 2372086597?
3
What is the ten thousands digit of 34255434?
5
What is the millions digit of 25365686?
5
What is the thousands digit of 58895411?
5
What is 